 = w - 2, j = -3*y - 2*w + 5813. Is y a composite number?
True
Let t(a) = 29*a**2 + 4*a + 7. Let z(b) = b - 10. Suppose -5*p = -2*j - 2*p + 20, -2*j - 4 = 3*p. Let u be z(j). Is t(u) prime?
False
Suppose 4*n + 46 = -22. Let o = -15 - n. Suppose 2*r + b - 1147 = 0, 2864 = o*r + 3*r - b. Is r a composite number?
True
Let f be 12/20*(-5)/(-1) - 19. Let v = f + 20. Suppose 1529 = 2*p - o - 1576, 6230 = v*p + 2*o. Is p prime?
False
Suppose -36*u - 907643 = -3346247. Is u a composite number?
True
Suppose 336130 = 825*y - 801*y - 141782. Is y composite?
False
Suppose 2*h - 43 = 119. Suppose 0 = -5*n - 4*n - h. Is n/6*-22*15/9 a prime number?
False
Let l = -9932 + 15005. Suppose 18243 = 6*c + l. Is c composite?
True
Suppose -19*p + 0*p - 1033030 = 0. Let v = p + 91272. Is v a composite number?
True
Suppose 164*j = 168*j - 144. Is (524/j)/(17/153) a composite number?
False
Let f = -143022 - -200507. Is f composite?
True
Suppose 5*n - 4*n - 8 = 0. Let x(j) = 3*j + 3. Let b be x(n). Is 1/((-36)/(-35828)) + (-6)/b prime?
False
Let s = 16649 - 8932. Is s composite?
False
Let q = 144346 + 38394. Suppose 14*c - 114718 = q. Is c prime?
True
Let m(b) = -101617*b - 177. Is m(-2) prime?
True
Let f(a) = 12*a**2 - 9*a + 22. Let m be f(-9). Let l = m + 443. Suppose 3*x - 3*k = l, 0*x + k = -x + 498. Is x prime?
False
Suppose s - 12412 = 1141. Suppose 2*h - 5*w = 4*h - s, 6 = 2*w. Is h prime?
False
Let h = 13579 - -153150. Is h a prime number?
False
Let a(f) = 2823*f - 1262. Is a(40) a composite number?
True
Let m(o) = o**2 - 5. Let p be m(3). Is ((-132954)/(-15) + p)/(2/5) composite?
True
Let z(x) = -31*x - 208. Let k be z(-7). Suppose 19*i - 57290 = k*i. Is i a composite number?
True
Suppose -5 = -4*s + 4*a + 7, s - 3*a - 7 = 0. Is 5512 + s/((-2)/6 - 0) prime?
False
Let r(h) = h**3 - 26*h**2 - h + 24. Let q be r(26). Is 3384 + (2 - (-4 - q)) + -2 a prime number?
False
Let p(d) = -d + 6. Let k be p(1). Suppose z = -k, -5*z + 7*z = 3*q - 20137. Is q composite?
False
Suppose 2*f = -5*d + 14, d - 5*f = -8 - 0. Suppose -d*k = -6*k + 16. Is (13/k)/((-10)/(-440)) prime?
False
Suppose -12*m + 33*m = -3*m + 3090408. Is m a composite number?
False
Suppose 15 = -3*u, 13 = -0*i + 2*i - 3*u. Let q be 3 - ((-1)/i)/1. Is (q + 539)*(-3 + 4) composite?
False
Suppose 7*i - 48903 = -2*m + 2*i, -48873 = -2*m + i. Is m a prime number?
True
Let n = -337 + 337. Suppose n = p + 4*s - 15443, -5*p + s = -6*p + 15431. Is p a composite number?
False
Let y be 33/2*9/((-54)/68). Let p = y + 2144. Is p composite?
True
Let s be -4 + (-5)/(-5) + 7. Suppose 4*g = s*f + 1600, -4*g - 3*f + 367 = -1226. Is ((-124)/6)/((-7)/(g/2)) a composite number?
True
Suppose 3*o + 5*w + 3927 = 0, 2*w - 1755 = 2*o + 847. Let r = o - -1830. Is r prime?
False
Let f(h) = h**2 + 0*h**2 - h**2 + h + h**2. Let y(a) = -6*a**2 - 6*a + 7. Let b(p) = -3*f(p) - y(p). Is b(-7) a prime number?
False
Suppose 0 = 2*s + 3*s - 40. Suppose 2*u = -0*u - s. Is (-2*u/16)/(4/27640) composite?
True
Let j(m) = -m + 58*m**2 - 9*m - 3 - 7 + 0*m. Let u be j(-5). Suppose 2*a = 4*a - u. Is a composite?
True
Let j = 53888 + -30085. Is j composite?
True
Suppose 2*w = -0*w - 106. Let o = w + -87. Let j = -71 - o. Is j a prime number?
False
Let a be (-7)/21*(-966)/2*-14. Let j = a + 3973. Is (j/(-9))/(-1*1) prime?
True
Suppose 189*q + 13125854 = 39*q + 42446204. Is q a composite number?
False
Is (3 - 0/1)/((168/3092558)/4) a composite number?
False
Let p(d) be the third derivative of d**5/60 - d**4/12 - 1487*d**3/6 + 8*d**2. Let n be p(0). Let i = -418 - n. Is i composite?
False
Let k(b) = -56*b**3 - 10*b**2 + 3*b + 18. Let j be k(6). Let a = j - -17999. Is a composite?
True
Suppose 2*i - 6*a - 14 = -4*a, 5*i - 29 = 3*a. Let t be 2307/9*i/(16/12). Let l = 1932 - t. Is l prime?
True
Suppose -5 = a, -3*r + 18 = -0*r + 3*a. Suppose -r*v + 14*v = 11784. Suppose -v = 4*i - 13676. Is i composite?
False
Let q = 82 - 59. Suppose h = -4*t + q, -5*h + t + 53 + 83 = 0. Suppose -8*k = h - 451. Is k a composite number?
False
Suppose 3*m - 28880 = -7*g + 2*g, 7*m - 23081 = -4*g. Is g a prime number?
True
Let d = 2396401 - 1673838. Is d prime?
True
Let k(q) = 78141*q - 5179. Is k(8) a composite number?
True
Suppose -5*v + 1304125 - 21950 = -5*f, 2*f = -3*v + 769295. Is v composite?
True
Let t(p) = p**2 - 3*p + 6. Suppose -5*y + 0*o - 88 = 2*o, 3*y + 56 = -2*o. Let i be t(y). Let g = 668 - i. Is g a prime number?
False
Suppose -4*q = -5*v - 1938, 1896 = -4*v - 5*q + 362. Let c = v + 637. Is c composite?
False
Suppose 17*l - 5068126 + 1939157 = 0. Is l prime?
True
Let t(r) = -2026*r + 2101. Is t(-36) composite?
False
Suppose -5*n - 13 = 2*z, -3*n = -n + 10. Let g be z*1/3 + -2. Suppose -16*t + 22*t - 1794 = g. Is t a prime number?
False
Let d = 91833 + -31048. Is d a composite number?
True
Suppose 91*f + 44*f - 91*f = 137225396. Is f a composite number?
True
Let z be (5/(-1) - -1) + (27 - 18). Suppose 5*m - m - 5924 = -y, z*y - 5924 = -4*m. Is m a prime number?
True
Let b(i) = 121890*i**2 + 3*i - 5. Is b(2) a composite number?
False
Suppose 103323 = p + 4*d, -p + 5*d = -32479 - 70835. Is p a composite number?
False
Let o(a) = 143*a + 142549. Is o(0) prime?
False
Let g(a) = 20*a**2 - 2*a - 6. Let y be g(-4). Suppose -330 = -b - 3*b + 5*w, -4*b + w + y = 0. Suppose q - 993 + b = 0. Is q a prime number?
False
Let i(c) be the second derivative of -17*c**5/20 + 2*c**3 - 3*c**2/2 - 24*c. Let t be i(-7). Suppose 0 = 4*q + 5*k - t, k + 5772 = 4*q - k. Is q composite?
True
Suppose b - 4731 = 2*d - 127347, -2*b - 61305 = -d. Is d prime?
False
Let y = 797300 - 551479. Is y a prime number?
True
Let t = 54524 - -126103. Is t a composite number?
True
Suppose -22*w + 66*w = -10*w + 2020086. Is w a composite number?
False
Let z(k) = k**3 + 14*k**2 - 13*k + 36. Let g be z(-15). Suppose -5*t - 28 = -h + g, 5*h - 30 = -3*t. Suppose 3947 + 4630 = h*y. Is y a prime number?
True
Let t be (-1980876)/(-16) + ((-10)/(-8))/5. Suppose 14*m + t = 25*m. Is m a composite number?
True
Is ((26/(-6) - -4)/(5/(-2406345)))/1 composite?
False
Suppose -1064179 - 2250875 = -141*n - 772401. Is n composite?
True
Let s be (-4 - -7 - (66 - -1)) + 3. Let z = 66 + s. Suppose -2*m = -2*n + 5*n - 631, -4*m + z*n + 1317 = 0. Is m a composite number?
True
Let f = -374505 - -1071244. Is f a composite number?
True
Suppose -2*g = 6, -567 + 7589 = a + 3*g. Is a a prime number?
False
Let c(h) = h**2 - 2*h - 622. Is c(-57) prime?
True
Suppose -2*f + 6*f + 3*v = 117919, 2*v + 117914 = 4*f. Is f a prime number?
False
Let n = -111 + 54. Let h = -345 - n. Is -1 - (h/15)/(8/480) prime?
True
Let m(r) = r**3 - 14*r**2 + 14*r - 15. Suppose 4*p + 3*z - 26 - 14 = 0, -4*z - 16 = 0. Let b be m(p). Is 8350/6 - 4/6 - b a prime number?
False
Let b(w) = 136*w + 141 + 45*w - 38*w + 111*w. Is b(5) a composite number?
True
Let r be -1*1/(2/(-10)). Suppose 2*d + 4*v - 38 = 36, 230 = 5*d - r*v. Let y = d + 114. Is y a prime number?
True
Suppose -4*x + 17*r + 2073240 = 13*r, -2*x - 4*r + 1036626 = 0. Is x a prime number?
True
Let j = -21 + 23. Let r = j - -2. Suppose 0*b = r*b - 16, -1953 = -m - b. Is m a prime number?
True
Let d(o) = -106*o**3 + 4*o**2 - 1. Let c be d(-3). Is ((-6)/(-39) + c/13)*13 prime?
False
Suppose 4*p - 258 = -246. Suppose -4*t - 22477 = -p*n, -2*n - t + 14986 = -3*t. Is n a prime number?
False
Let y be 2 + 4 + -5 + 3 - 12. Is y - ((-23107 - -6) + -5) prime?
False
Let k(h) = -4*h**3 - 11*h**2 + 28*h - 241. Let q be k(7). Suppose 2243 = -5*u - 14052. Let g = q - u. Is g a prime number?
True
Suppose -110*w = 5*v - 115*w - 543950, 3*w = 2*v - 217579. Is v prime?
True
Let x = -74 - -72. Let h = x + 4. Suppose -4*m + 8210 = -h*v, 5*v = 8 - 3. Is m prime?
True
Let y(z) = -z + 10. Let i be y(7). Let s(d) = -8*d + i*d - 10*d - 2*d + 15. Is s(-10) composite?
True
Is 1843258/(-7)*84*(-27)/648 a composite number?
False
Suppose -j - 5*b + 363 = 0, -3*j - 1067 = -6*j - 4*b. Let h = 1947 - j. Is h a composite number?
True
Suppose -4*h + n + 11117 = 0, -4*n - 238 + 5810 = 2*h. Suppose -5*w - 25*k + h = -27*k, 2*k + 564 = w. Is w prime?
False
Let m(s) = 99*s + 36. Let f be m(-15). Let y be f/(-10) - (-8)/80. Suppose -2815 = -y*v + 140*v. Is v composite?
False
Let h be 1874*(5 + -4)*-1. Is (-135)/30*h/3 composite?
True
Let o(i